8669 is divided by 38?
5
Calculate the remainder when 57264 is divided by 57227.
37
Calculate the remainder when 6471618 is divided by 39.
36
What is the remainder when 7732 is divided by 771?
22
Calculate the remainder when 2748 is divided by 95.
88
What is the remainder when 11934 is divided by 1326?
0
Calculate the remainder when 5198 is divided by 352.
270
Calculate the remainder when 212035 is divided by 194.
187
Calculate the remainder when 243002 is divided by 156.
110
What is the remainder when 604045 is divided by 100674?
1
Calculate the remainder when 21831 is divided by 22.
7
Calculate the remainder when 1300 is divided by 335.
295
Calculate the remainder when 71829 is divided by 2762.
17
Calculate the remainder when 1391 is divided by 72.
23
Calculate the remainder when 153338 is divided by 113.
110
What is the remainder when 7094 is divided by 77?
10
What is the remainder when 95278 is divided by 57?
31
Calculate the remainder when 3891 is divided by 14.
13
What is the remainder when 23633 is divided by 5843?
261
Calculate the remainder when 14419 is divided by 262.
9
Calculate the remainder when 64965 is divided by 389.
2
What is the remainder when 23177 is divided by 63?
56
What is the remainder when 12229 is divided by 13?
9
Calculate the remainder when 2824250 is divided by 64.
58
What is the remainder when 11860 is divided by 59?
1
What is the remainder when 73514 is divided by 100?
14
What is the remainder when 544 is divided by 139?
127
What is the remainder when 3386960 is divided by 459?
458
What is the remainder when 2134 is divided by 1138?
996
Calculate the remainder when 54590 is divided by 4187.
159
Calculate the remainder when 28406 is divided by 568.
6
Calculate the remainder when 2047 is divided by 256.
255
Calculate the remainder when 1016395 is divided by 30.
25
What is the remainder when 67312 is divided by 22430?
22
Calculate the remainder when 612 is divided by 66.
18
Calculate the remainder when 75440 is divided by 213.
38
What is the remainder when 1564 is divided by 261?
259
What is the remainder when 2973 is divided by 621?
489
What is the remainder when 15342 is divided by 119?
110
What is the remainder when 1180 is divided by 197?
195
Calculate the remainder when 91520 is divided by 95.
35
What is the remainder when 16747 is divided by 2789?
13
Calculate the remainder when 4816 is divided by 1175.
116
What is the remainder when 113495 is divided by 235?
225
What is the remainder when 73912 is divided by 69?
13
Calculate the remainder when 28029 is divided by 9335.
24
What is the remainder when 3662540 is divided by 13?
11
Calculate the remainder when 15598 is divided by 312.
310
Calculate the remainder when 9247 is divided by 386.
369
Calculate the remainder when 12355 is divided by 3697.
1264
Calculate the remainder when 13184 is divided by 95.
74
What is the remainder when 33239 is divided by 33134?
105
What is the remainder when 29842 is divided by 1042?
666
Calculate the remainder when 8547 is divided by 26.
19
Calculate the remainder when 28212 is divided by 409.
400
What is the remainder when 7093 is divided by 338?
333
Calculate the remainder when 187035 is divided by 2125.
35
Calculate the remainder when 213468 is divided by 24.
12
What is the remainder when 2540 is divided by 632?
12
What is the remainder when 62411 is divided by 95?
91
What is the remainder when 13070 is divided by 242?
2
Calculate the remainder when 3997 is divided by 61.
32
Calculate the remainder when 1346 is divided by 97.
85
What is the remainder when 109608 is divided by 112?
72
Calculate the remainder when 1300 is divided by 630.
40
What is the remainder when 6660 is divided by 350?
10
Calculate the remainder when 11520 is divided by 192.
0
What is the remainder when 44915 is divided by 45?
5
What is the remainder when 11709 is divided by 400?
109
What is the remainder when 5455 is divided by 1555?
790
Calculate the remainder when 1294532 is divided by 249.
230
Calculate the remainder when 105204 is divided by 923.
905
Calculate the remainder when 35463 is divided by 29.
25
What is the remainder when 93597 is divided by 1337?
7
Calculate the remainder when 300183 is divided by 75037.
35
Calculate the remainder when 19446 is divided by 453.
420
What is the remainder when 2234 is divided by 1427?
807
What is the remainder when 2873 is divided by 384?
185
Calculate the remainder when 164368 is divided by 41.
40
Calculate the remainder when 49050 is divided by 23.
14
What is the remainder when 1555194 is divided by 576?
570
What is the remainder when 11402 is divided by 11387?
15
What is the remainder when 16062 is divided by 206?
200
What is the remainder when 2606 is divided by 646?
22
Calculate the remainder when 7060 is divided by 1176.
4
Calculate the remainder when 58493 is divided by 128.
125
What is the remainder when 547 is divided by 134?
11
Calculate the remainder when 145319 is divided by 21.
20
Calculate the remainder when 988 is divided by 514.
474
Calculate the remainder when 55279 is divided by 55264.
15
What is the remainder when 31247 is divided by 63?
62
Calculate the remainder when 230818 is divided by 52.
42
Calculate the remainder when 4179647 is divided by 12.
11
Calculate the remainder when 400424 is divided by 133474.
2
What is the remainder when 10343 is divided by 1806?
1313
Calculate the remainder when 6626 is divided by 793.
282
Calculate the remainder when 63746 is divided by 37.
32
What is the remainder when 10466 is divided by 165?
71
Calculate the remainder when 3076324 is divided by 66.
64
Calculate the remainder when 35263 is divided by 35192.
71
Calculate the remainder when 630795 is divided by 179.
178
What is the remainder when 65294 is divided by 558?
8
What is the remainder when 988566 is divided by 817?
813
Calculate the remainder when 55385 is divided by 955.
950
Calculate the remainder when 1898206 is divided by 18.
16
Calculate the remainder when 972 is divided by 226.
68
Calculate the remainder when 3320 is divided by 111.
101
What is the remainder when 8424022 is divided by 82?
80
Calculate the remainder when 89458 is divided by 17881.
53
What is the remainder when 7885 is divided by 74?
41
Calculate the remainder when 7051 is divided by 42.
37
Calculate the remainder when 184691 is divided by 128.
115
What is the remainder when 10791 is divided by 76?
75
What is the remainder when 1306 is divided by 768?
538
What is the remainder when 112836 is divided by 753?
639
Calculate the remainder when 2939845 is divided by 13.
12
Calculate the remainder when 288249 is divided by 60.
9
What is the remainder when 73710 is divided by 115?
110
What is the remainder when 7411 is divided by 43?
15
Calculate the remainder when 87 is divided by 17.
2
Calculate the remainder when 245272 is divided by 7.
6
What is the remainder when 236460 is divided by 13135?
30
Calculate the remainder when 795 is divided by 252.
39
Calculate the remainder when 4281 is divided by 22.
13
What is the remainder when 331 is divided by 223?
108
What is the remainder when 1603 is divided by 1572?
31
Calculate the remainder when 49835 is divided by 804.
791
What is the remainder when 341879 is divided by 220?
219
What is the remainder when 86100 is divided by 1133?
1125
Calculate the remainder when 370025 is divided by 12.
5
What is the remainder when 4705 is divided by 88?
41
Calculate the remainder when 25848 is divided by 19.
8
Calculate the remainder when 111618 is divided by 55803.
12
What is the remainder when 599429 is divided by 53?
52
What is the remainder when 4076 is divided by 165?
116
What is the remainder when 564 is divided by 124?
68
Calculate the remainder when 23384 is divided by 28.
4
What is the remainder when 20398 is divided by 38?
30
Calculate the remainder when 607621 is divided by 75952.
5
Calculate the remainder when 26124 is divided by 75.
24
Calculate the remainder when 7155 is divided by 20.
15
Calculate the remainder when 3316 is divided by 26.
14
What is the remainder when 2390 is divided by 51?
44
Calculate the remainder when 444088 is divided by 55509.
16
What is the remainder when 1596 is divided by 264?
12
Calculate the remainder when 4393 is divided by 169.
168
What is the remai